{"id":187,"date":"2023-01-26T18:03:41","date_gmt":"2023-01-26T17:03:41","guid":{"rendered":"https:\/\/marvalisapom.wordpress.com\/?page_id=187"},"modified":"2024-02-12T20:41:11","modified_gmt":"2024-02-12T19:41:11","slug":"inicio-2","status":"publish","type":"page","link":"https:\/\/marvalisapom.com\/","title":{"rendered":"Inicio"},"content":{"rendered":"\n<figure class=\"wp-block-image alignfull size-full is-style-default\"><img loading=\"lazy\" decoding=\"async\" width=\"1640\" height=\"804\" src=\"https:\/\/marvalisapom.com\/wp-content\/uploads\/2023\/01\/header-3.png\" alt=\"\" class=\"wp-image-611\" srcset=\"https:\/\/marvalisapom.com\/wp-content\/uploads\/2023\/01\/header-3.png 1640w, https:\/\/marvalisapom.com\/wp-content\/uploads\/2023\/01\/header-3-300x147.png 300w, https:\/\/marvalisapom.com\/wp-content\/uploads\/2023\/01\/header-3-1024x502.png 1024w, https:\/\/marvalisapom.com\/wp-content\/uploads\/2023\/01\/header-3-768x377.png 768w, https:\/\/marvalisapom.com\/wp-content\/uploads\/2023\/01\/header-3-1536x753.png 1536w\" sizes=\"(max-width: 1640px) 100vw, 1640px\" \/><\/figure>\n\n\n\n<div class=\"wp-block-media-text alignwide is-stacked-on-mobile\" style=\"grid-template-columns:44% auto\"><figure class=\"wp-block-media-text__media\"><img loading=\"lazy\" decoding=\"async\" width=\"947\" height=\"1024\" src=\"https:\/\/marvalisapom.com\/wp-content\/uploads\/2023\/01\/309046753_10221408637871061_7377938888608482681_n-947x1024.jpg\" alt=\"\" class=\"wp-image-53 size-full\" srcset=\"https:\/\/marvalisapom.com\/wp-content\/uploads\/2023\/01\/309046753_10221408637871061_7377938888608482681_n-947x1024.jpg 947w, https:\/\/marvalisapom.com\/wp-content\/uploads\/2023\/01\/309046753_10221408637871061_7377938888608482681_n-277x300.jpg 277w, https:\/\/marvalisapom.com\/wp-content\/uploads\/2023\/01\/309046753_10221408637871061_7377938888608482681_n-768x830.jpg 768w, https:\/\/marvalisapom.com\/wp-content\/uploads\/2023\/01\/309046753_10221408637871061_7377938888608482681_n-1421x1536.jpg 1421w, https:\/\/marvalisapom.com\/wp-content\/uploads\/2023\/01\/309046753_10221408637871061_7377938888608482681_n.jpg 1894w\" sizes=\"(max-width: 947px) 100vw, 947px\" \/><\/figure><div class=\"wp-block-media-text__content\">\n<p><\/p>\n\n\n\n<h2 class=\"wp-block-heading has-text-align-center has-white-color has-text-color\"><em><strong>Qui\u00e9nes somos<\/strong><\/em><\/h2>\n\n\n\n<p class=\"has-text-align-center has-white-color has-text-color\">Los Pomeranias son los mejores compa\u00f1eros, una raza con un car\u00e1cter amigable y alegre, perfecto para estar en compa\u00f1\u00eda de los m\u00e1s peque\u00f1os de la familia.<\/p>\n\n\n\n<p class=\"has-text-align-center has-white-color has-text-color\">Todos nuestros perros est\u00e1n criados con mucho cari\u00f1o.<\/p>\n\n\n\n<p class=\"has-text-align-center has-white-color has-text-color\">Estamos reconocidos por la Real Sociedad Canina Espa\u00f1ola (FCI) con afijo n\u00famero 22.403.<\/p>\n\n\n\n<div class=\"wp-block-buttons is-content-justification-center is-layout-flex wp-container-core-buttons-layout-1 wp-block-buttons-is-layout-flex\">\n<div class=\"wp-block-button is-style-outline\"><a class=\"wp-block-button__link has-white-color has-text-color has-text-align-center wp-element-button\" href=\"https:\/\/marvalisapom.com\/index.php\/quienes-somos\/\" style=\"border-radius:100px\"><em>Nosotros<\/em><\/a><\/div>\n<\/div>\n<\/div><\/div>\n\n\n\n<div class=\"wp-block-media-text alignwide has-media-on-the-right is-stacked-on-mobile\"><div class=\"wp-block-media-text__content\">\n<p><\/p>\n\n\n\n<h2 class=\"wp-block-heading has-text-align-center has-white-color has-text-color\"><strong><em>Nuestros perros <\/em><\/strong><\/h2>\n\n\n\n<p class=\"has-text-align-center has-white-color has-text-color\">Estamos muy orgullosos de presentarles a nuestros incre\u00edbles Pomeranias.<\/p>\n\n\n\n<p class=\"has-text-align-center has-white-color has-text-color\">Explora nuestros perros y sus l\u00edneas de cr\u00eda.<\/p>\n\n\n\n<div class=\"wp-block-buttons is-content-justification-center is-layout-flex wp-container-core-buttons-layout-2 wp-block-buttons-is-layout-flex\">\n<div class=\"wp-block-button is-style-outline\"><a class=\"wp-block-button__link has-white-color has-text-color has-text-align-center wp-element-button\" href=\"https:\/\/marvalisapom.com\/index.php\/nuestros-perros\/\" style=\"border-radius:100px\"><em>Reyes y reinas<\/em><\/a><\/div>\n<\/div>\n<\/div><figure class=\"wp-block-media-text__media\"><img loading=\"lazy\" decoding=\"async\" width=\"864\" height=\"1024\" src=\"https:\/\/marvalisapom.com\/wp-content\/uploads\/2024\/02\/IMG_9871-864x1024.jpeg\" alt=\"\" class=\"wp-image-1021 size-full\" srcset=\"https:\/\/marvalisapom.com\/wp-content\/uploads\/2024\/02\/IMG_9871-864x1024.jpeg 864w, https:\/\/marvalisapom.com\/wp-content\/uploads\/2024\/02\/IMG_9871-253x300.jpeg 253w, https:\/\/marvalisapom.com\/wp-content\/uploads\/2024\/02\/IMG_9871-768x911.jpeg 768w, https:\/\/marvalisapom.com\/wp-content\/uploads\/2024\/02\/IMG_9871.jpeg 1271w\" sizes=\"(max-width: 864px) 100vw, 864px\" \/><\/figure><\/div>\n\n\n\n<div class=\"wp-block-media-text alignwide is-stacked-on-mobile has-text-color\" style=\"color:#c8ae71\"><figure class=\"wp-block-media-text__media\"><img loading=\"lazy\" decoding=\"async\" width=\"1024\" height=\"727\" src=\"https:\/\/marvalisapom.com\/wp-content\/uploads\/2023\/01\/310961665_10221466518118031_6595163059922889568_n-1721560072-e1674811970576-1024x727.jpg\" alt=\"\" class=\"wp-image-274 size-full\" srcset=\"https:\/\/marvalisapom.com\/wp-content\/uploads\/2023\/01\/310961665_10221466518118031_6595163059922889568_n-1721560072-e1674811970576-1024x727.jpg 1024w, https:\/\/marvalisapom.com\/wp-content\/uploads\/2023\/01\/310961665_10221466518118031_6595163059922889568_n-1721560072-e1674811970576-300x213.jpg 300w, https:\/\/marvalisapom.com\/wp-content\/uploads\/2023\/01\/310961665_10221466518118031_6595163059922889568_n-1721560072-e1674811970576-768x545.jpg 768w, https:\/\/marvalisapom.com\/wp-content\/uploads\/2023\/01\/310961665_10221466518118031_6595163059922889568_n-1721560072-e1674811970576-1536x1090.jpg 1536w, https:\/\/marvalisapom.com\/wp-content\/uploads\/2023\/01\/310961665_10221466518118031_6595163059922889568_n-1721560072-e1674811970576.jpg 1876w\" sizes=\"(max-width: 1024px) 100vw, 1024px\" \/><\/figure><div class=\"wp-block-media-text__content\">\n<p><\/p>\n\n\n\n<h2 class=\"wp-block-heading has-text-align-center has-white-color has-text-color\"><strong><em>Cachorros<\/em><\/strong> <\/h2>\n\n\n\n<p class=\"has-text-align-center has-white-color has-text-color\">Si le gustar\u00eda ser propietario de uno de nuestros cachorros, ponte en contacto con nosotros.<\/p>\n\n\n\n<p class=\"has-text-align-center has-white-color has-text-color\">Estaremos a su lado para cualquier apoyo u orientaci\u00f3n que necesite.<\/p>\n\n\n\n<div class=\"wp-block-buttons is-content-justification-center is-layout-flex wp-container-core-buttons-layout-3 wp-block-buttons-is-layout-flex\">\n<div class=\"wp-block-button is-style-outline\" style=\"font-style:normal;font-weight:600\"><a class=\"wp-block-button__link has-white-color has-text-color wp-element-button\" href=\"https:\/\/marvalisapom.com\/index.php\/cachorros\/\" style=\"border-radius:100px;padding-top:var(--wp--preset--spacing--20);padding-bottom:var(--wp--preset--spacing--20)\"><em>Pr\u00edncipes y princesas<\/em><\/a><\/div>\n<\/div>\n<\/div><\/div>\n\n\n\n<div class=\"wp-block-media-text alignwide has-media-on-the-right is-stacked-on-mobile\" style=\"grid-template-columns:auto 45%\"><div class=\"wp-block-media-text__content\">\n<p><\/p>\n\n\n\n<h2 class=\"wp-block-heading has-text-align-center has-white-color has-text-color\">Est\u00e1ndares de raza<\/h2>\n\n\n\n<p class=\"has-text-align-center has-white-color has-text-color\">Conoce las caracter\u00edsticas f\u00edsicas de un Pomerania publicadas por La Federaci\u00f3n Cinol\u00f3gica Internacional (FCI) para saber c\u00f3mo son las proporciones de esta preciosa raza y conocerlos un poquito mejor.<\/p>\n\n\n\n<p class=\"has-text-align-center has-white-color has-text-color\">La informaci\u00f3n es poder y el conocimiento te har\u00e1 apreciar la calidad de nuestros perros y de sus camadas.<\/p>\n\n\n\n<div class=\"wp-block-buttons is-content-justification-center is-layout-flex wp-container-core-buttons-layout-4 wp-block-buttons-is-layout-flex\">\n<div class=\"wp-block-button is-style-outline\"><a class=\"wp-block-button__link has-white-color has-text-color has-text-align-center wp-element-button\" href=\"https:\/\/marvalisapom.com\/index.php\/estandares-de-raza\/\" style=\"border-radius:100px\"><em>La raza<\/em><\/a><\/div>\n<\/div>\n<\/div><figure class=\"wp-block-media-text__media\"><img loading=\"lazy\" decoding=\"async\" width=\"785\" height=\"1024\" src=\"https:\/\/marvalisapom.com\/wp-content\/uploads\/2023\/01\/0d2c3600-785x1024.jpg\" alt=\"\" class=\"wp-image-641 size-full\" srcset=\"https:\/\/marvalisapom.com\/wp-content\/uploads\/2023\/01\/0d2c3600-785x1024.jpg 785w, https:\/\/marvalisapom.com\/wp-content\/uploads\/2023\/01\/0d2c3600-230x300.jpg 230w, https:\/\/marvalisapom.com\/wp-content\/uploads\/2023\/01\/0d2c3600-768x1002.jpg 768w, https:\/\/marvalisapom.com\/wp-content\/uploads\/2023\/01\/0d2c3600-1177x1536.jpg 1177w, https:\/\/marvalisapom.com\/wp-content\/uploads\/2023\/01\/0d2c3600.jpg 1471w\" sizes=\"(max-width: 785px) 100vw, 785px\" \/><\/figure><\/div>\n\n\n\n<h2 class=\"wp-block-heading has-text-align-center has-text-color\" style=\"color:#ecb340\"><a href=\"https:\/\/marvalisapom.com\/noticias\/\"><strong>Noticias<\/strong><\/a><\/h2>\n\n\n\n<div class=\"wp-block-query is-layout-flow wp-block-query-is-layout-flow\"><ul class=\"wp-block-post-template is-layout-flow wp-block-post-template-is-layout-flow\"><li class=\"wp-block-post post-971 post type-post status-publish format-standard has-post-thumbnail hentry category-campeonatos entry\">\n\n<div class=\"wp-block-columns are-vertically-aligned-center is-layout-flex wp-container-core-columns-layout-1 wp-block-columns-is-layout-flex\">\n<div class=\"wp-block-column is-vertically-aligned-center is-layout-flow wp-block-column-is-layout-flow\" style=\"flex-basis:25%\"><figure class=\"wp-block-post-featured-image\"><a href=\"https:\/\/marvalisapom.com\/index.php\/2023\/11\/17\/campeon-joven-de-portugal\/\" target=\"_self\"  ><img loading=\"lazy\" decoding=\"async\" width=\"526\" height=\"677\" src=\"https:\/\/marvalisapom.com\/wp-content\/uploads\/2023\/11\/398626751_10223748679210632_5551970554776930096_n.jpg\" class=\"attachment-post-thumbnail size-post-thumbnail wp-post-image\" alt=\"Campe\u00f3n Joven de Portugal\" style=\"width:100%;height:128.71%;max-width:526px;object-fit:cover;\" srcset=\"https:\/\/marvalisapom.com\/wp-content\/uploads\/2023\/11\/398626751_10223748679210632_5551970554776930096_n.jpg 526w, https:\/\/marvalisapom.com\/wp-content\/uploads\/2023\/11\/398626751_10223748679210632_5551970554776930096_n-233x300.jpg 233w\" sizes=\"(max-width: 526px) 100vw, 526px\" \/><\/a><\/figure><\/div>\n\n\n\n<div class=\"wp-block-column is-vertically-aligned-center is-layout-flow wp-block-column-is-layout-flow\" style=\"flex-basis:75%\"><h2 class=\"wp-block-post-title\"><a href=\"https:\/\/marvalisapom.com\/index.php\/2023\/11\/17\/campeon-joven-de-portugal\/\" target=\"_self\" >Campe\u00f3n Joven de Portugal<\/a><\/h2><\/div>\n<\/div>\n\n<\/li><li class=\"wp-block-post post-967 post type-post status-publish format-standard has-post-thumbnail hentry category-campeonatos entry\">\n\n<div class=\"wp-block-columns are-vertically-aligned-center is-layout-flex wp-container-core-columns-layout-2 wp-block-columns-is-layout-flex\">\n<div class=\"wp-block-column is-vertically-aligned-center is-layout-flow wp-block-column-is-layout-flow\" style=\"flex-basis:25%\"><figure class=\"wp-block-post-featured-image\"><a href=\"https:\/\/marvalisapom.com\/index.php\/2023\/11\/17\/exposicion-canina-de-braga\/\" target=\"_self\"  ><img loading=\"lazy\" decoding=\"async\" width=\"600\" height=\"462\" src=\"https:\/\/marvalisapom.com\/wp-content\/uploads\/2023\/11\/400693258_10223742552617471_5937249233585720923_n.jpg\" class=\"attachment-post-thumbnail size-post-thumbnail wp-post-image\" alt=\"Campe\u00f3n de Portugal\" style=\"width:100%;height:77%;max-width:600px;object-fit:cover;\" srcset=\"https:\/\/marvalisapom.com\/wp-content\/uploads\/2023\/11\/400693258_10223742552617471_5937249233585720923_n.jpg 600w, https:\/\/marvalisapom.com\/wp-content\/uploads\/2023\/11\/400693258_10223742552617471_5937249233585720923_n-300x231.jpg 300w\" sizes=\"(max-width: 600px) 100vw, 600px\" \/><\/a><\/figure><\/div>\n\n\n\n<div class=\"wp-block-column is-vertically-aligned-center is-layout-flow wp-block-column-is-layout-flow\" style=\"flex-basis:75%\"><h2 class=\"wp-block-post-title\"><a href=\"https:\/\/marvalisapom.com\/index.php\/2023\/11\/17\/exposicion-canina-de-braga\/\" target=\"_self\" >Campe\u00f3n de Portugal<\/a><\/h2><\/div>\n<\/div>\n\n<\/li><li class=\"wp-block-post post-898 post type-post status-publish format-standard has-post-thumbnail hentry category-campeonatos entry\">\n\n<div class=\"wp-block-columns are-vertically-aligned-center is-layout-flex wp-container-core-columns-layout-3 wp-block-columns-is-layout-flex\">\n<div class=\"wp-block-column is-vertically-aligned-center is-layout-flow wp-block-column-is-layout-flow\" style=\"flex-basis:25%\"><figure class=\"wp-block-post-featured-image\"><a href=\"https:\/\/marvalisapom.com\/index.php\/2023\/10\/23\/exposicion-nacional-e-internacional-de-merida-2023\/\" target=\"_self\"  ><img loading=\"lazy\" decoding=\"async\" width=\"1462\" height=\"2048\" src=\"https:\/\/marvalisapom.com\/wp-content\/uploads\/2023\/11\/391588778_10223667813869049_8054352468160096945_n-2.jpg\" class=\"attachment-post-thumbnail size-post-thumbnail wp-post-image\" alt=\"Exposici\u00f3n Nacional e Internacional de M\u00e9rida 2023\" style=\"width:100%;height:140.08%;max-width:1462px;object-fit:cover;\" srcset=\"https:\/\/marvalisapom.com\/wp-content\/uploads\/2023\/11\/391588778_10223667813869049_8054352468160096945_n-2.jpg 1462w, https:\/\/marvalisapom.com\/wp-content\/uploads\/2023\/11\/391588778_10223667813869049_8054352468160096945_n-2-214x300.jpg 214w, https:\/\/marvalisapom.com\/wp-content\/uploads\/2023\/11\/391588778_10223667813869049_8054352468160096945_n-2-731x1024.jpg 731w, https:\/\/marvalisapom.com\/wp-content\/uploads\/2023\/11\/391588778_10223667813869049_8054352468160096945_n-2-768x1076.jpg 768w, https:\/\/marvalisapom.com\/wp-content\/uploads\/2023\/11\/391588778_10223667813869049_8054352468160096945_n-2-1097x1536.jpg 1097w\" sizes=\"(max-width: 1462px) 100vw, 1462px\" \/><\/a><\/figure><\/div>\n\n\n\n<div class=\"wp-block-column is-vertically-aligned-center is-layout-flow wp-block-column-is-layout-flow\" style=\"flex-basis:75%\"><h2 class=\"wp-block-post-title\"><a href=\"https:\/\/marvalisapom.com\/index.php\/2023\/10\/23\/exposicion-nacional-e-internacional-de-merida-2023\/\" target=\"_self\" >Exposici\u00f3n Nacional e Internacional de M\u00e9rida 2023<\/a><\/h2><\/div>\n<\/div>\n\n<\/li><\/ul><\/div>\n","protected":false},"excerpt":{"rendered":"<p>Noticias<\/p>\n","protected":false},"author":1,"featured_media":0,"parent":0,"menu_order":0,"comment_status":"closed","ping_status":"closed","template":"","meta":{"footnotes":""},"_links":{"self":[{"href":"https:\/\/marvalisapom.com\/index.php\/wp-json\/wp\/v2\/pages\/187"}],"collection":[{"href":"https:\/\/marvalisapom.com\/index.php\/wp-json\/wp\/v2\/pages"}],"about":[{"href":"https:\/\/marvalisapom.com\/index.php\/wp-json\/wp\/v2\/types\/page"}],"author":[{"embeddable":true,"href":"https:\/\/marvalisapom.com\/index.php\/wp-json\/wp\/v2\/users\/1"}],"replies":[{"embeddable":true,"href":"https:\/\/marvalisapom.com\/index.php\/wp-json\/wp\/v2\/comments?post=187"}],"version-history":[{"count":14,"href":"https:\/\/marvalisapom.com\/index.php\/wp-json\/wp\/v2\/pages\/187\/revisions"}],"predecessor-version":[{"id":1030,"href":"https:\/\/marvalisapom.com\/index.php\/wp-json\/wp\/v2\/pages\/187\/revisions\/1030"}],"wp:attachment":[{"href":"https:\/\/marvalisapom.com\/index.php\/wp-json\/wp\/v2\/media?parent=187"}],"curies":[{"name":"wp","href":"https:\/\/api.w.org\/{rel}","templated":true}]}}