{"id":21,"date":"2023-01-25T16:44:19","date_gmt":"2023-01-25T15:44:19","guid":{"rendered":"https:\/\/marvalisapom.wordpress.com\/?page_id=21"},"modified":"2024-02-12T20:25:27","modified_gmt":"2024-02-12T19:25:27","slug":"estandares-de-raza","status":"publish","type":"page","link":"https:\/\/marvalisapom.com\/index.php\/estandares-de-raza\/","title":{"rendered":"Est\u00e1ndares de raza"},"content":{"rendered":"\n<div class=\"wp-block-cover alignfull has-parallax is-style-default wp-duotone-000000-ffffff-1\" style=\"padding-top:0;padding-right:0;padding-bottom:0;padding-left:0;min-height:800px\"><span aria-hidden=\"true\" class=\"wp-block-cover__background has-background-dim\" style=\"background-color:#171717\"><\/span><div role=\"img\" class=\"wp-block-cover__image-background wp-image-265 has-parallax\" style=\"background-position:50% 50%;background-image:url(https:\/\/marvalisapom.com\/wp-content\/uploads\/2023\/01\/side-2.png)\"><\/div><div class=\"wp-block-cover__inner-container is-layout-flow wp-block-cover-is-layout-flow\">\n<p class=\"has-white-color has-text-color has-extra-large-font-size\">La importancia de conocer la raza<\/p>\n<\/div><\/div>\n\n\n\n<h2 class=\"wp-block-heading has-text-align-center\" id=\"historia\">Historia<\/h2>\n\n\n\n<p class=\"has-text-align-center\">Los Spitz alemanes son descendientes de la edad de piedra \u00abPeat Dogs\u00bb (Torfhunde) \u00abCanis familiaris palustris R\u00fctimeyer\u00bb y del posterior Lake Dwelling Spitz (Pfahlbauspitz); es la raza de perro m\u00e1s antigua de Europa Central. Numerosas razas se han desarrollado a partir de ellos.  La raza Toy Spitz (Zwergspitze) se conoce como Pomerania.<\/p>\n\n\n\n<hr class=\"wp-block-separator has-alpha-channel-opacity\"\/>\n\n\n\n<h2 class=\"wp-block-heading has-text-align-center\" id=\"apariencia-general\">Apariencia General<\/h2>\n\n\n\n<p class=\"has-text-align-center\">Las razas Spitz son cautivadoras debido a sus hermosos pelajes, hechos para destacar por una abundante capa interna. Particularmente impresionantes son el frondoso collar, similar a una melena, alrededor del cuello y la cola tupida que se lleva hacia adelante sobre la espalda.<br>La cabeza, con ojos alerta y las peque\u00f1as orejas puntiagudas y muy juntas le dan al Spitz su aspecto \u00fanico y descarado.<\/p>\n\n\n\n<hr class=\"wp-block-separator has-alpha-channel-opacity\"\/>\n\n\n\n<h2 class=\"wp-block-heading has-text-align-center\" id=\"la-importancia-de-las-proporciones\">La importancia de las proporciones<\/h2>\n\n\n\n<p class=\"has-text-align-center\">La relaci\u00f3n entre la altura a la cruz (punto m\u00e1s alto del omoplato) y la longitud del cuerpo es de 1:1. <br>Y la relaci\u00f3n entre la longitud del hocico y la longitud del cr\u00e1neo es de aproximadamente 1:2.<\/p>\n\n\n<div class=\"wp-block-image is-resized is-style-default\">\n<figure class=\"aligncenter size-large\"><img loading=\"lazy\" decoding=\"async\" width=\"1024\" height=\"610\" src=\"https:\/\/marvalisapom.com\/wp-content\/uploads\/2023\/11\/332878302_1002533187378945_613167374511106053_n-1024x610.jpg\" alt=\"\" class=\"wp-image-841\" style=\"object-fit:contain\" srcset=\"https:\/\/marvalisapom.com\/wp-content\/uploads\/2023\/11\/332878302_1002533187378945_613167374511106053_n-1024x610.jpg 1024w, https:\/\/marvalisapom.com\/wp-content\/uploads\/2023\/11\/332878302_1002533187378945_613167374511106053_n-300x179.jpg 300w, https:\/\/marvalisapom.com\/wp-content\/uploads\/2023\/11\/332878302_1002533187378945_613167374511106053_n-768x458.jpg 768w, https:\/\/marvalisapom.com\/wp-content\/uploads\/2023\/11\/332878302_1002533187378945_613167374511106053_n.jpg 1208w\" sizes=\"(max-width: 1024px) 100vw, 1024px\" \/><\/figure><\/div>\n\n\n<hr class=\"wp-block-separator has-alpha-channel-opacity\"\/>\n\n\n\n<h2 class=\"wp-block-heading alignwide has-text-align-center\" id=\"comportamiento-y-caracter\">Comportamiento y car\u00e1cter<\/h2>\n\n\n\n<p class=\"has-text-align-center\">El Toy Spitz Alem\u00e1n o Pomerania es siempre atento, vivaz y extraordinariamente apegado a su due\u00f1o. Es f\u00e1cil de entrenar, ya que tiene una gran capacidad de aprendizaje. Su car\u00e1cter sociable y alegre lo convierte en un gran perro familiar y compa\u00f1ero de piso ideal. No es t\u00edmido ni agresivo. Indiferencia a la intemperie, robustez y longevidad son sus atributos m\u00e1s destacados.<\/p>\n\n\n<div class=\"wp-block-image\">\n<figure class=\"aligncenter size-large\"><img loading=\"lazy\" decoding=\"async\" width=\"2048\" height=\"1510\" src=\"https:\/\/marvalisapom.files.wordpress.com\/2023\/01\/311412168_10221466518438039_2903593570714021938_n.jpg?w=1080\" alt=\"\" class=\"wp-image-588\" srcset=\"https:\/\/marvalisapom.com\/wp-content\/uploads\/2023\/01\/311412168_10221466518438039_2903593570714021938_n.jpg 2048w, https:\/\/marvalisapom.com\/wp-content\/uploads\/2023\/01\/311412168_10221466518438039_2903593570714021938_n-300x221.jpg 300w, https:\/\/marvalisapom.com\/wp-content\/uploads\/2023\/01\/311412168_10221466518438039_2903593570714021938_n-1024x755.jpg 1024w, https:\/\/marvalisapom.com\/wp-content\/uploads\/2023\/01\/311412168_10221466518438039_2903593570714021938_n-768x566.jpg 768w, https:\/\/marvalisapom.com\/wp-content\/uploads\/2023\/01\/311412168_10221466518438039_2903593570714021938_n-1536x1133.jpg 1536w\" sizes=\"(max-width: 2048px) 100vw, 2048px\" \/><\/figure><\/div>\n\n\n<hr class=\"wp-block-separator has-alpha-channel-opacity\"\/>\n\n\n\n<h2 class=\"wp-block-heading has-text-align-center\" id=\"la-cabeza\">La cabeza<\/h2>\n\n\n\n<h3 class=\"wp-block-heading has-text-align-center\">Regi\u00f3n craneal<\/h3>\n\n\n\n<p class=\"has-text-align-center\">La cabeza de tama\u00f1o mediano del Spitz, vista desde arriba, parece m\u00e1s ancha en la parte posterior y se estrecha en forma de cu\u00f1a hasta la punta de la nariz.<br><strong>IMPORTANTE: Este estrechamiento debe ser moderado, nunca brusco.<\/strong><\/p>\n\n\n\n<h3 class=\"wp-block-heading has-text-align-center\">Regi\u00f3n facial<\/h3>\n\n\n\n<ul>\n<li><strong>Nariz:<\/strong> La nariz es redonda, peque\u00f1a y de color negro puro. La nariz de los perros Spitz marrones es de color marr\u00f3n oscuro.<\/li>\n\n\n\n<li><strong>Hocico:<\/strong> El hocico no es demasiado largo y est\u00e1 en agradable proporci\u00f3n con el cr\u00e1neo (aproximadamente 1:2).<\/li>\n\n\n\n<li><strong>Labios:<\/strong> Los labios no son exagerados, pegados a las mand\u00edbulas y no forman pliegues en las comisuras de los labios. Son completamente negros. Los labios de los perros Spitz marrones son marrones.<\/li>\n\n\n\n<li><strong>Mand\u00edbulas\/dientes:<\/strong> Las mand\u00edbulas est\u00e1n normalmente desarrolladas y muestran una mordida completa en tijera con 42 dientes, correspondientes a la f\u00f3rmula dental del perro: los incisivos superiores se superponen ligeramente a los inferiores y se disponen perpendiculares a las mand\u00edbulas. Caninos fuertes encajando exactamente entre s\u00ed. Se tolerar\u00e1 la falta de algunos premolares en Toy Spitz\/Pomerania. Se permite la mordida en pinza.<\/li>\n\n\n\n<li><strong>Mejillas:<\/strong> Las mejillas son suavemente redondeadas, sin sobresalir.<\/li>\n<\/ul>\n\n\n\n<h3 class=\"wp-block-heading has-text-align-center\">Ojos<\/h3>\n\n\n\n<p class=\"has-text-align-center\">Los ojos son de tama\u00f1o mediano, almendrados, ligeramente oblicuos y oscuros. Los p\u00e1rpados son negros. Los perros Spitz marrones tienen los p\u00e1rpados de color marr\u00f3n oscuro.<\/p>\n\n\n\n<h3 class=\"wp-block-heading has-text-align-center\">Orejas<\/h3>\n\n\n\n<p class=\"has-text-align-center\">Las orejas peque\u00f1as son de inserci\u00f3n alta y relativamente juntas, triangulares y puntiagudas; siempre se llevan erguidas, r\u00edgidas en las puntas.<\/p>\n\n\n\n<h3 class=\"wp-block-heading has-text-align-center\">Cuello<\/h3>\n\n\n\n<p class=\"has-text-align-center\">El cuello, de longitud media, se asienta completamente sobre los hombros, ligeramente arqueado sin papada y cubierto por un manto espeso y profuso, formando un gran collar.<\/p>\n\n\n\n<figure class=\"wp-block-image size-large\"><img loading=\"lazy\" decoding=\"async\" width=\"1260\" height=\"1604\" src=\"https:\/\/marvalisapom.files.wordpress.com\/2023\/01\/282383752_10220923162774487_4606293278212529054_n.jpg?w=848\" alt=\"\" class=\"wp-image-142\" srcset=\"https:\/\/marvalisapom.com\/wp-content\/uploads\/2023\/01\/282383752_10220923162774487_4606293278212529054_n.jpg 1260w, https:\/\/marvalisapom.com\/wp-content\/uploads\/2023\/01\/282383752_10220923162774487_4606293278212529054_n-236x300.jpg 236w, https:\/\/marvalisapom.com\/wp-content\/uploads\/2023\/01\/282383752_10220923162774487_4606293278212529054_n-804x1024.jpg 804w, https:\/\/marvalisapom.com\/wp-content\/uploads\/2023\/01\/282383752_10220923162774487_4606293278212529054_n-768x978.jpg 768w, https:\/\/marvalisapom.com\/wp-content\/uploads\/2023\/01\/282383752_10220923162774487_4606293278212529054_n-1207x1536.jpg 1207w\" sizes=\"(max-width: 1260px) 100vw, 1260px\" \/><\/figure>\n\n\n\n<hr class=\"wp-block-separator has-alpha-channel-opacity\"\/>\n\n\n\n<h2 class=\"wp-block-heading has-text-align-center\">El cuerpo<\/h2>\n\n\n\n<h3 class=\"wp-block-heading has-text-align-center\">L\u00ednea superior<\/h3>\n\n\n\n<p class=\"has-text-align-center\">La l\u00ednea superior se funde en una suave curva con la espalda corta y recta. La cola tupida y amplia, que cubre parcialmente la espalda, redondea la silueta.<\/p>\n\n\n\n<h3 class=\"wp-block-heading has-text-align-center\">Cruz<\/h3>\n\n\n\n<p class=\"has-text-align-center\">La cruz alta cae imperceptiblemente.<\/p>\n\n\n\n<h3 class=\"wp-block-heading has-text-align-center\">Espalda<\/h3>\n\n\n\n<p class=\"has-text-align-center\">Lo m\u00e1s corta posible, recta y firme.<\/p>\n\n\n\n<h3 class=\"wp-block-heading has-text-align-center\">Lomo<\/h3>\n\n\n\n<p class=\"has-text-align-center\">Corto, ancho y fuerte.<\/p>\n\n\n\n<h3 class=\"wp-block-heading has-text-align-center\">La parte trasera<\/h3>\n\n\n\n<p class=\"has-text-align-center\">La parte trasera es ancha y corta, sin caerse.<\/p>\n\n\n\n<h3 class=\"wp-block-heading has-text-align-center\">Pecho<\/h3>\n\n\n\n<p class=\"has-text-align-center\">El pecho profundo est\u00e1 bien arqueado y el antepecho bien desarrollado.<\/p>\n\n\n\n<h3 class=\"wp-block-heading has-text-align-center\">L\u00ednea inferior y vientre<\/h3>\n\n\n\n<p class=\"has-text-align-center\">El pecho llega lo m\u00e1s atr\u00e1s posible y el vientre tiene solo un ligero repliegue.<\/p>\n\n\n\n<hr class=\"wp-block-separator has-alpha-channel-opacity\"\/>\n\n\n\n<h2 class=\"wp-block-heading has-text-align-center\">Cola<\/h2>\n\n\n\n<p class=\"has-text-align-center\">La cola es de inserci\u00f3n alta y de longitud media. Parte hacia arriba y rueda hacia adelante sobre la espalda, directamente desde la ra\u00edz. Est\u00e1 cubierta de pelo muy tupido. Se tolera un rizo doble en la punta de la cola.<\/p>\n\n\n\n<figure class=\"wp-block-image size-large\"><img loading=\"lazy\" decoding=\"async\" width=\"1252\" height=\"1015\" src=\"https:\/\/marvalisapom.files.wordpress.com\/2023\/01\/314407433_10221684784654558_137103711866564262_n.jpg?w=1080\" alt=\"\" class=\"wp-image-139\" srcset=\"https:\/\/marvalisapom.com\/wp-content\/uploads\/2023\/01\/314407433_10221684784654558_137103711866564262_n.jpg 1252w, https:\/\/marvalisapom.com\/wp-content\/uploads\/2023\/01\/314407433_10221684784654558_137103711866564262_n-300x243.jpg 300w, https:\/\/marvalisapom.com\/wp-content\/uploads\/2023\/01\/314407433_10221684784654558_137103711866564262_n-1024x830.jpg 1024w, https:\/\/marvalisapom.com\/wp-content\/uploads\/2023\/01\/314407433_10221684784654558_137103711866564262_n-768x623.jpg 768w\" sizes=\"(max-width: 1252px) 100vw, 1252px\" \/><\/figure>\n\n\n\n<hr class=\"wp-block-separator has-alpha-channel-opacity\"\/>\n\n\n\n<h2 class=\"wp-block-heading has-text-align-center\">Extremidades<\/h2>\n\n\n\n<h3 class=\"wp-block-heading has-text-align-center\">Miembros delanteros<\/h3>\n\n\n\n<ul>\n<li><strong>Aspecto general:<\/strong> Extremidades delanteras rectas, m\u00e1s bien anchas,<strong> con huesos bien desarrollados.<\/strong><\/li>\n\n\n\n<li><strong>Hombro: <\/strong>El hombro est\u00e1 bien musculado y firmemente conectado al pecho. El omoplato es largo y bien echado hacia atr\u00e1s.<\/li>\n\n\n\n<li><strong>Parte superior del brazo:<\/strong> la parte superior de la pata delantera, que tiene aproximadamente la misma longitud que el omoplato, forma un \u00e1ngulo de 90 grados con este.<\/li>\n\n\n\n<li><strong>Codo:<\/strong> La articulaci\u00f3n del codo es fuerte, se ajusta bien al pecho y no gira ni hacia adentro ni hacia afuera.<\/li>\n\n\n\n<li><strong>Antebrazo:<\/strong> El antebrazo es de longitud media en relaci\u00f3n al cuerpo, robusto y completamente recto. La parte posterior del antebrazo est\u00e1 bien poblada.<\/li>\n\n\n\n<li><strong>Metacarpo (pastern):<\/strong> El metacarpo es fuerte y de longitud media, se encuentra en un \u00e1ngulo de 20 grados con respecto a la vertical.<\/li>\n\n\n\n<li><strong>Pies delanteros: <\/strong>Los pies delanteros son lo m\u00e1s peque\u00f1os posible, redondos y cerrados, con u\u00f1as bien arqueadas y apretadas, los llamados pies de gato. <strong>El color de las u\u00f1as y las almohadillas es lo m\u00e1s oscuro posible.<\/strong><\/li>\n<\/ul>\n\n\n\n<hr class=\"wp-block-separator has-alpha-channel-opacity\"\/>\n\n\n\n<h2 class=\"wp-block-heading has-text-align-center\">Cuartos traseros<\/h2>\n\n\n\n<ul>\n<li><strong>Aspecto general:<\/strong> Los cuartos traseros son muy musculosos y abundantemente poblados hasta los corvejones. Las patas traseras est\u00e1n rectas y paralelas.<\/li>\n\n\n\n<li><strong>Muslo y parte inferior de la pierna<\/strong>: El muslo y la parte inferior de la pierna tienen aproximadamente la misma longitud. <\/li>\n\n\n\n<li><strong>Rodilla: <\/strong>La articulaci\u00f3n de la rodilla es fuerte con solo una angulaci\u00f3n moderada y no gira ni hacia adentro ni hacia afuera en el movimiento.<\/li>\n\n\n\n<li><strong>Corvej\u00f3n\/articulaci\u00f3n del corvej\u00f3n:<\/strong> El corvej\u00f3n es de longitud media, muy fuerte y vertical al suelo.<\/li>\n\n\n\n<li><strong>Pies traseros:<\/strong> Los pies traseros son lo m\u00e1s peque\u00f1os posible, redondos y cerrados, con las u\u00f1as bien arqueadas y apretadas, los llamados pies de gato. Las almohadillas son gruesas. El color de las u\u00f1as y las almohadillas es lo m\u00e1s oscuro posible<\/li>\n<\/ul>\n\n\n\n<hr class=\"wp-block-separator has-alpha-channel-opacity\"\/>\n\n\n\n<h2 class=\"wp-block-heading has-text-align-center\">Movimiento<\/h2>\n\n\n\n<p class=\"has-text-align-center\">Los perros Toy Spitz Alem\u00e1n o Pomerania se mueven en l\u00ednea recta con buen impulso, fluidos y el\u00e1sticos.<\/p>\n\n\n\n<hr class=\"wp-block-separator has-alpha-channel-opacity\"\/>\n\n\n\n<h2 class=\"wp-block-heading has-text-align-center\">Piel<\/h2>\n\n\n\n<p class=\"has-text-align-center\">La piel cubre el cuerpo firmemente sin arrugas.<\/p>\n\n\n\n<hr class=\"wp-block-separator has-alpha-channel-opacity\"\/>\n\n\n\n<h2 class=\"wp-block-heading has-text-align-center\">Pelaje<\/h2>\n\n\n\n<h3 class=\"wp-block-heading has-text-align-center\">Pelo<\/h3>\n\n\n\n<p class=\"has-text-align-center\">Los perros Toy Spitz Alemanes o Pomeranias tienen una doble capa: una capa superior larga, recta y firme y una capa interna corta, gruesa, similar al algod\u00f3n.<br>La cabeza, las orejas, la parte delantera de las patas delanteras y traseras y las patas est\u00e1n cubiertas por pelo corto y espeso (aterciopelado). El resto del cuerpo tiene un pelaje largo, rico y tupido. No ondulado, rizado o desgre\u00f1ado, sin raya en la espalda. El cuello y los hombros est\u00e1n cubiertos por una espesa melena.<\/p>\n\n\n\n<p class=\"has-text-align-center\">La parte trasera de las patas delanteras est\u00e1 bien poblada, las patas traseras tienen un amplio pelaje desde la parte trasera hasta los corvejones. La cola es tupida.<br><strong>El cabello no debe parecer modelado.<\/strong><\/p>\n\n\n\n<h3 class=\"wp-block-heading has-text-align-center\">Color<\/h3>\n\n\n\n<p class=\"has-text-align-center\">El Toy Spitz Alem\u00e1n o Pomerania es blanco, negro, marr\u00f3n, naranja, gris\u00e1ceo, otros colores.<\/p>\n\n\n\n<ul>\n<li><strong>White Spitz: <\/strong>El pelaje debe ser blanco puro. Se tolera poco rastro de amarillo, que ocurre a menudo, especialmente en las orejas.<\/li>\n\n\n\n<li><strong>Black Spitz:<\/strong> los perros Black Spitz deben tener una capa interna negra y una piel negra. El color en la parte superior debe ser un negro brillante sin marcas blancas ni de otro tipo.<\/li>\n\n\n\n<li><strong>Brown Spitz: <\/strong>El Spitz marr\u00f3n debe ser uniformemente marr\u00f3n oscuro.<\/li>\n\n\n\n<li><strong>Spitz naranja:<\/strong> el Spitz naranja debe tener un color uniforme en el rango de color medio. Se permite aclarar el color naranja en el pecho, la cola y las patas.<\/li>\n\n\n\n<li><strong>Spitz gris sombreado:<\/strong> gris sombreado es un gris plateado con puntas de pelo negras. El hocico y las orejas son de color oscuro, alrededor de los ojos bien definidos que se muestran como una l\u00ednea negra delicadamente dibujada a l\u00e1piz que se inclina desde la esquina exterior del ojo hasta la esquina inferior de la oreja, junto con marcas distintivas y sombras que forman cejas cortas pero expresivas; melena y anillo en el hombro m\u00e1s claros; patas delanteras y traseras de color gris plateado sin marcas negras debajo de los codos o rodillas, excepto un ligero l\u00e1piz en los dedos de los pies; punta negra de la cola; parte inferior de la cola y las patas gris plateado p\u00e1lido.<\/li>\n\n\n\n<li><strong>Spitz de otros colores:<\/strong> El t\u00e9rmino se aplica a los siguientes colores: crema, crema-sable, naranja-sable, negro y tostado y multicolor. Los perros bicolores deben tener siempre el blanco como color b\u00e1sico. Los parches deben ser uniformemente de un solo color, ya sea negro o marr\u00f3n o sombreado de gris o naranja o naranja sable o crema o crema sable. Preferiblemente deben distribuirse por todo el cuerpo.<\/li>\n<\/ul>\n\n\n\n<figure class=\"wp-block-image size-large\"><img decoding=\"async\" src=\"https:\/\/marvalisapom.files.wordpress.com\/2023\/01\/285719338_10220988811735670_7869931628347777838_n.jpg?w=1080\" alt=\"\" class=\"wp-image-154\"\/><\/figure>\n\n\n\n<hr class=\"wp-block-separator has-alpha-channel-opacity\"\/>\n\n\n\n<h2 class=\"wp-block-heading has-text-align-center\">Tama\u00f1o y peso<\/h2>\n\n\n\n<p class=\"has-text-align-center\">Altura a la cruz: Toy Spitz Alem\u00e1n o Pomerania: 21 cm \u00b1 3 cm.<br>El Toy Spitz Alem\u00e1n o Pomerania debe tener un peso correspondiente a su tama\u00f1o.<\/p>\n\n\n\n<hr class=\"wp-block-separator has-alpha-channel-opacity\"\/>\n\n\n\n<h2 class=\"wp-block-heading has-text-align-center\">Faltas<\/h2>\n\n\n\n<p class=\"has-text-align-center\">Cualquier desviaci\u00f3n de los puntos anteriores debe considerarse una falta y la gravedad con la que debe considerarse la falta debe ser exactamente proporcional a su grado y su efecto sobre la salud y el bienestar del perro.<\/p>\n","protected":false},"excerpt":{"rendered":"<p>Historia Los Spitz alemanes son descendientes de la edad de piedra \u00abPeat Dogs\u00bb (Torfhunde) \u00abCanis familiaris palustris R\u00fctimeyer\u00bb y del posterior Lake Dwelling Spitz (Pfahlbauspitz); es la raza de perro m\u00e1s antigua de Europa Central. Numerosas razas se han desarrollado a partir de ellos. La raza Toy Spitz (Zwergspitze) se conoce como Pomerania. Apariencia General&hellip; <a class=\"more-link\" href=\"https:\/\/marvalisapom.com\/index.php\/estandares-de-raza\/\">Seguir leyendo <span class=\"screen-reader-text\">Est\u00e1ndares de raza<\/span><\/a><\/p>\n","protected":false},"author":1,"featured_media":0,"parent":0,"menu_order":0,"comment_status":"closed","ping_status":"closed","template":"","meta":{"footnotes":""},"_links":{"self":[{"href":"https:\/\/marvalisapom.com\/index.php\/wp-json\/wp\/v2\/pages\/21"}],"collection":[{"href":"https:\/\/marvalisapom.com\/index.php\/wp-json\/wp\/v2\/pages"}],"about":[{"href":"https:\/\/marvalisapom.com\/index.php\/wp-json\/wp\/v2\/types\/page"}],"author":[{"embeddable":true,"href":"https:\/\/marvalisapom.com\/index.php\/wp-json\/wp\/v2\/users\/1"}],"replies":[{"embeddable":true,"href":"https:\/\/marvalisapom.com\/index.php\/wp-json\/wp\/v2\/comments?post=21"}],"version-history":[{"count":3,"href":"https:\/\/marvalisapom.com\/index.php\/wp-json\/wp\/v2\/pages\/21\/revisions"}],"predecessor-version":[{"id":1010,"href":"https:\/\/marvalisapom.com\/index.php\/wp-json\/wp\/v2\/pages\/21\/revisions\/1010"}],"wp:attachment":[{"href":"https:\/\/marvalisapom.com\/index.php\/wp-json\/wp\/v2\/media?parent=21"}],"curies":[{"name":"wp","href":"https:\/\/api.w.org\/{rel}","templated":true}]}}