{"id":71,"date":"2023-01-26T11:40:40","date_gmt":"2023-01-26T10:40:40","guid":{"rendered":"https:\/\/marvalisapom.wordpress.com\/?page_id=71"},"modified":"2024-02-12T20:25:13","modified_gmt":"2024-02-12T19:25:13","slug":"quienes-somos","status":"publish","type":"page","link":"https:\/\/marvalisapom.com\/index.php\/quienes-somos\/","title":{"rendered":"Qui\u00e9nes somos"},"content":{"rendered":"\n<div class=\"wp-block-cover alignfull has-parallax is-style-default has-gigantic-font-size\" style=\"padding-top:var(--wp--preset--spacing--80);padding-right:var(--wp--preset--spacing--80);padding-bottom:var(--wp--preset--spacing--80);padding-left:var(--wp--preset--spacing--80);min-height:800px\"><span aria-hidden=\"true\" class=\"wp-block-cover__background has-background-dim-60 has-background-dim\" style=\"background-color:#171717\"><\/span><div role=\"img\" class=\"wp-block-cover__image-background wp-image-214 has-parallax\" style=\"background-position:50% 50%;background-image:url(https:\/\/marvalisapom.com\/wp-content\/uploads\/2023\/01\/three-e1707764870604.png)\"><\/div><div class=\"wp-block-cover__inner-container is-layout-flow wp-block-cover-is-layout-flow\">\n<h1 class=\"wp-block-heading has-text-align-center has-extra-large-font-size\" style=\"font-style:normal;font-weight:300\"><strong>M\u00e1s que criadores, somos familia<\/strong><\/h1>\n<\/div><\/div>\n\n\n\n<h2 class=\"wp-block-heading has-text-align-center\">Cu\u00e1ndo comenz\u00f3 todo<\/h2>\n\n\n\n<p class=\"has-text-align-center\">Mi amor por esta raza viene de lejos, pero fue hace unos a\u00f1os  cuando lleg\u00f3 a mis manos mi primer cachorro, Junior, \u00e9l hizo que me enamorara locamente de estas peque\u00f1as bolitas de pelo, y ya, nada pudo detenerme.<\/p>\n\n\n\n<p class=\"has-text-align-center\">Los Pomeranias son los mejores compa\u00f1eros, una raza con un car\u00e1cter amigable y alegre perfecto para estar en compa\u00f1\u00eda de los m\u00e1s peque\u00f1os de la familia.<\/p>\n\n\n\n<p class=\"has-text-align-center\">Desde que comenzamos a criar con esta raza nuestro principal objetivo es el respeto a la raza, por ello, hacemos una cr\u00eda selectiva de nuestros ejemplares primando siempre su salud f\u00edsica y mental.<\/p>\n\n\n\n<hr class=\"wp-block-separator has-alpha-channel-opacity\"\/>\n\n\n\n<h2 class=\"wp-block-heading has-text-align-center\">Qu\u00e9 nos diferencia<\/h2>\n\n\n\n<div class=\"wp-block-media-text alignwide is-stacked-on-mobile is-vertically-aligned-center\" style=\"grid-template-columns:51% auto\"><figure class=\"wp-block-media-text__media\"><img loading=\"lazy\" decoding=\"async\" width=\"1284\" height=\"1689\" src=\"https:\/\/marvalisapom.files.wordpress.com\/2023\/01\/316323279_10221779166094035_3674384064179879322_n.jpg?w=821\" alt=\"\" class=\"wp-image-86 size-full\" srcset=\"https:\/\/marvalisapom.com\/wp-content\/uploads\/2023\/01\/316323279_10221779166094035_3674384064179879322_n.jpg 1284w, https:\/\/marvalisapom.com\/wp-content\/uploads\/2023\/01\/316323279_10221779166094035_3674384064179879322_n-228x300.jpg 228w, https:\/\/marvalisapom.com\/wp-content\/uploads\/2023\/01\/316323279_10221779166094035_3674384064179879322_n-778x1024.jpg 778w, https:\/\/marvalisapom.com\/wp-content\/uploads\/2023\/01\/316323279_10221779166094035_3674384064179879322_n-768x1010.jpg 768w, https:\/\/marvalisapom.com\/wp-content\/uploads\/2023\/01\/316323279_10221779166094035_3674384064179879322_n-1168x1536.jpg 1168w\" sizes=\"(max-width: 1284px) 100vw, 1284px\" \/><\/figure><div class=\"wp-block-media-text__content\">\n<p class=\"has-text-align-center\">Todos nuestros perros est\u00e1n criados con cari\u00f1o, lo que permite que forjen un car\u00e1cter amigable y alegre para que en un futuro sean los mejores compa\u00f1eros.<\/p>\n\n\n\n<p class=\"has-text-align-center\">Los peluditos viven en unas instalaciones envidiables teniendo actividad f\u00edsica diaria y una alimentaci\u00f3n muy cuidada, siendo esta la mejor manera de que tengan una salud de hierro.<\/p>\n\n\n\n<p class=\"has-text-align-center\">Pero sobre todos nos importa la salud mental de nuestros peque\u00f1os por lo que hacemos mucho hincapi\u00e9 en las interacciones positivas para conseguir unos ejemplares sociables y cari\u00f1osos.<\/p>\n<\/div><\/div>\n\n\n\n<figure class=\"wp-block-gallery has-nested-images columns-default is-cropped wp-block-gallery-1 is-layout-flex wp-block-gallery-is-layout-flex\">\n<figure class=\"wp-block-image size-full\"><img loading=\"lazy\" decoding=\"async\" width=\"1284\" height=\"1718\" data-id=\"1008\" src=\"https:\/\/marvalisapom.com\/wp-content\/uploads\/2024\/02\/IMG_9878.jpeg\" alt=\"\" class=\"wp-image-1008\" srcset=\"https:\/\/marvalisapom.com\/wp-content\/uploads\/2024\/02\/IMG_9878.jpeg 1284w, https:\/\/marvalisapom.com\/wp-content\/uploads\/2024\/02\/IMG_9878-224x300.jpeg 224w, https:\/\/marvalisapom.com\/wp-content\/uploads\/2024\/02\/IMG_9878-765x1024.jpeg 765w, https:\/\/marvalisapom.com\/wp-content\/uploads\/2024\/02\/IMG_9878-768x1028.jpeg 768w, https:\/\/marvalisapom.com\/wp-content\/uploads\/2024\/02\/IMG_9878-1148x1536.jpeg 1148w\" sizes=\"(max-width: 1284px) 100vw, 1284px\" \/><\/figure>\n\n\n\n<figure class=\"wp-block-image size-full\"><img loading=\"lazy\" decoding=\"async\" width=\"405\" height=\"405\" data-id=\"164\" src=\"https:\/\/marvalisapom.com\/wp-content\/uploads\/2023\/01\/284823522_10220969000240395_2080052679004899344_n.jpg\" alt=\"\" class=\"wp-image-164\" srcset=\"https:\/\/marvalisapom.com\/wp-content\/uploads\/2023\/01\/284823522_10220969000240395_2080052679004899344_n.jpg 405w, https:\/\/marvalisapom.com\/wp-content\/uploads\/2023\/01\/284823522_10220969000240395_2080052679004899344_n-300x300.jpg 300w, https:\/\/marvalisapom.com\/wp-content\/uploads\/2023\/01\/284823522_10220969000240395_2080052679004899344_n-150x150.jpg 150w\" sizes=\"(max-width: 405px) 100vw, 405px\" \/><\/figure>\n\n\n\n<figure class=\"wp-block-image size-large\"><img loading=\"lazy\" decoding=\"async\" width=\"1024\" height=\"1024\" data-id=\"170\" src=\"https:\/\/marvalisapom.com\/wp-content\/uploads\/2023\/01\/325786103_895708831555120_3986830186187150346_n-1024x1024.jpg\" alt=\"\" class=\"wp-image-170\" srcset=\"https:\/\/marvalisapom.com\/wp-content\/uploads\/2023\/01\/325786103_895708831555120_3986830186187150346_n-1024x1024.jpg 1024w, https:\/\/marvalisapom.com\/wp-content\/uploads\/2023\/01\/325786103_895708831555120_3986830186187150346_n-300x300.jpg 300w, https:\/\/marvalisapom.com\/wp-content\/uploads\/2023\/01\/325786103_895708831555120_3986830186187150346_n-150x150.jpg 150w, https:\/\/marvalisapom.com\/wp-content\/uploads\/2023\/01\/325786103_895708831555120_3986830186187150346_n-768x768.jpg 768w, https:\/\/marvalisapom.com\/wp-content\/uploads\/2023\/01\/325786103_895708831555120_3986830186187150346_n.jpg 1239w\" sizes=\"(max-width: 1024px) 100vw, 1024px\" \/><\/figure>\n\n\n\n<figure class=\"wp-block-image size-large\"><img loading=\"lazy\" decoding=\"async\" width=\"1024\" height=\"800\" data-id=\"999\" src=\"https:\/\/marvalisapom.com\/wp-content\/uploads\/2024\/02\/IMG_9870-1024x800.jpeg\" alt=\"\" class=\"wp-image-999\"\/><\/figure>\n\n\n\n<figure class=\"wp-block-image size-large\"><img loading=\"lazy\" decoding=\"async\" width=\"405\" height=\"405\" data-id=\"167\" src=\"https:\/\/marvalisapom.com\/wp-content\/uploads\/2023\/01\/295549282_10221180243361341_8198095676854902779_n.jpg\" alt=\"\" class=\"wp-image-167\" srcset=\"https:\/\/marvalisapom.com\/wp-content\/uploads\/2023\/01\/295549282_10221180243361341_8198095676854902779_n.jpg 405w, https:\/\/marvalisapom.com\/wp-content\/uploads\/2023\/01\/295549282_10221180243361341_8198095676854902779_n-300x300.jpg 300w, https:\/\/marvalisapom.com\/wp-content\/uploads\/2023\/01\/295549282_10221180243361341_8198095676854902779_n-150x150.jpg 150w\" sizes=\"(max-width: 405px) 100vw, 405px\" \/><\/figure>\n<\/figure>\n","protected":false},"excerpt":{"rendered":"<p>Cu\u00e1ndo comenz\u00f3 todo Mi amor por esta raza viene de lejos, pero fue hace unos a\u00f1os cuando lleg\u00f3 a mis manos mi primer cachorro, Junior, \u00e9l hizo que me enamorara locamente de estas peque\u00f1as bolitas de pelo, y ya, nada pudo detenerme. Los Pomeranias son los mejores compa\u00f1eros, una raza con un car\u00e1cter amigable y&hellip; <a class=\"more-link\" href=\"https:\/\/marvalisapom.com\/index.php\/quienes-somos\/\">Seguir leyendo <span class=\"screen-reader-text\">Qui\u00e9nes somos<\/span><\/a><\/p>\n","protected":false},"author":1,"featured_media":0,"parent":0,"menu_order":0,"comment_status":"closed","ping_status":"closed","template":"","meta":{"footnotes":""},"_links":{"self":[{"href":"https:\/\/marvalisapom.com\/index.php\/wp-json\/wp\/v2\/pages\/71"}],"collection":[{"href":"https:\/\/marvalisapom.com\/index.php\/wp-json\/wp\/v2\/pages"}],"about":[{"href":"https:\/\/marvalisapom.com\/index.php\/wp-json\/wp\/v2\/types\/page"}],"author":[{"embeddable":true,"href":"https:\/\/marvalisapom.com\/index.php\/wp-json\/wp\/v2\/users\/1"}],"replies":[{"embeddable":true,"href":"https:\/\/marvalisapom.com\/index.php\/wp-json\/wp\/v2\/comments?post=71"}],"version-history":[{"count":8,"href":"https:\/\/marvalisapom.com\/index.php\/wp-json\/wp\/v2\/pages\/71\/revisions"}],"predecessor-version":[{"id":1009,"href":"https:\/\/marvalisapom.com\/index.php\/wp-json\/wp\/v2\/pages\/71\/revisions\/1009"}],"wp:attachment":[{"href":"https:\/\/marvalisapom.com\/index.php\/wp-json\/wp\/v2\/media?parent=71"}],"curies":[{"name":"wp","href":"https:\/\/api.w.org\/{rel}","templated":true}]}}